{"id":165,"date":"2021-09-22T09:51:59","date_gmt":"2021-09-22T07:51:59","guid":{"rendered":"https:\/\/lawetsecurity.com\/?page_id=165"},"modified":"2022-04-12T11:01:24","modified_gmt":"2022-04-12T11:01:24","slug":"brandlarm","status":"publish","type":"page","link":"https:\/\/lawet.se\/home\/brandlarm\/","title":{"rendered":"Brandlarm"},"content":{"rendered":"\n<div class=\"wp-block-group\"><div class=\"wp-block-group__inner-container is-layout-flow wp-block-group-is-layout-flow\">\n<p>Ett v\u00e4lfungerande Brandlarm kan inte bara r\u00e4dda dina lokaler fr\u00e5n f\u00f6r stor skada utan ocks\u00e5 liv. M\u00e5nga lokaler f\u00f6r kommersiellt bruk beh\u00f6ver enligt lag ha ett godk\u00e4nt brandlarm.<\/p>\n<\/div><\/div>\n\n\n\n<div class=\"wp-block-columns has-nv-light-bg-background-color has-background is-layout-flex wp-container-core-columns-is-layout-9d6595d7 wp-block-columns-is-layout-flex\">\n<div class=\"wp-block-column is-layout-flow wp-block-column-is-layout-flow\">\n<h2 class=\"has-text-align-center has-large-font-size wp-block-heading\">Brandlarm<\/h2>\n\n\n\n<p class=\"has-text-align-center\">Ett godk\u00e4nd brandlarmscentral \u00e4r en dedikerad central som enbart sk\u00f6ter branddetektering. Detta anv\u00e4nds ofta i kontor,k\u00f6pcentrum,garage och andra diverse st\u00f6rre lokaler.<\/p>\n<\/div>\n\n\n\n<div class=\"wp-block-column has-nv-light-bg-background-color has-background is-layout-flow wp-block-column-is-layout-flow\">\n<h2 class=\"has-text-align-center has-large-font-size wp-block-heading\">Utrymningslarm<\/h2>\n\n\n\n<p class=\"has-text-align-center\">Utrymningslarm \u00e4r ett brandlarm som \u00e4r inkopplat i en vanlig inbrottslarmcentral. Detta anv\u00e4nds ofta i kontor och mindre lokaler. Detta kan man ocks\u00e5 integrera i en redan befintligt inbrottscentral om man vill ha branddetektering i en lokal d\u00e4r man redan har inbrottslarm.<\/p>\n<\/div>\n<\/div>\n\n\n\n<div class=\"wp-block-columns has-nv-light-bg-background-color has-background is-layout-flex wp-container-core-columns-is-layout-9d6595d7 wp-block-columns-is-layout-flex\">\n<div class=\"wp-block-column is-layout-flow wp-block-column-is-layout-flow\">\n<h2 class=\"has-text-align-center has-large-font-size wp-block-heading\">Serviceavtal<\/h2>\n\n\n\n<p class=\"has-text-align-center\">F\u00f6r att du ska kunna vara s\u00e4ker p\u00e5 att ditt brandlarm ska fungera p\u00e5 b\u00e4sta s\u00e4tt s\u00e5 rekommenderas regelbunden service och avprovning. Detta \u00e4r ofta ocks\u00e5 ett krav f\u00f6r att ett brandlarm ska vara godk\u00e4nt p\u00e5 f\u00f6rs\u00e4kringsbolag. <\/p>\n<\/div>\n\n\n\n<div class=\"wp-block-column is-layout-flow wp-block-column-is-layout-flow\">\n<div class=\"wp-block-image is-style-default\"><figure class=\"aligncenter size-large is-resized\"><img loading=\"lazy\" decoding=\"async\" src=\"https:\/\/lawetsecurity.files.wordpress.com\/2021\/09\/tech.png?w=200\" alt=\"\" class=\"wp-image-202\" width=\"179\" height=\"179\" srcset=\"https:\/\/media.lawet.se\/2021\/09\/tech.png 200w, https:\/\/media.lawet.se\/2021\/09\/tech-150x150.png 150w\" sizes=\"auto, (max-width: 179px) 100vw, 179px\" \/><\/figure><\/div>\n<\/div>\n<\/div>\n\n\n\n<h2 class=\"has-text-align-center has-large-font-size wp-block-heading\">Olika sorters detektering<\/h2>\n\n\n\n<p><\/p>\n\n\n\n<div class=\"wp-block-columns is-layout-flex wp-container-core-columns-is-layout-9d6595d7 wp-block-columns-is-layout-flex\">\n<div class=\"wp-block-column is-layout-flow wp-block-column-is-layout-flow\">\n<figure class=\"wp-block-image size-large is-resized\"><img loading=\"lazy\" decoding=\"async\" src=\"https:\/\/lawetsecurity.files.wordpress.com\/2021\/09\/rokdek.jpg?w=400\" alt=\"\" class=\"wp-image-326\" width=\"286\" height=\"286\" srcset=\"https:\/\/media.lawet.se\/2021\/09\/rokdek.jpg 400w, https:\/\/media.lawet.se\/2021\/09\/rokdek-300x300.jpg 300w, https:\/\/media.lawet.se\/2021\/09\/rokdek-150x150.jpg 150w\" sizes=\"auto, (max-width: 286px) 100vw, 286px\" \/><figcaption>R\u00f6kdetektor<\/figcaption><\/figure>\n<\/div>\n\n\n\n<div class=\"wp-block-column is-layout-flow wp-block-column-is-layout-flow\">\n<figure class=\"wp-block-image size-large is-resized\"><img loading=\"lazy\" decoding=\"async\" src=\"https:\/\/lawetsecurity.files.wordpress.com\/2021\/09\/varmedek2.jpg?w=400\" alt=\"\" class=\"wp-image-327\" width=\"277\" height=\"277\" srcset=\"https:\/\/media.lawet.se\/2021\/09\/varmedek2.jpg 400w, https:\/\/media.lawet.se\/2021\/09\/varmedek2-300x300.jpg 300w, https:\/\/media.lawet.se\/2021\/09\/varmedek2-150x150.jpg 150w\" sizes=\"auto, (max-width: 277px) 100vw, 277px\" \/><figcaption>V\u00e4rmedetektor<\/figcaption><\/figure>\n<\/div>\n\n\n\n<div class=\"wp-block-column is-layout-flow wp-block-column-is-layout-flow\">\n<figure class=\"wp-block-image size-large is-resized\"><img loading=\"lazy\" decoding=\"async\" src=\"https:\/\/lawetsecurity.files.wordpress.com\/2021\/09\/kombidek.jpg?w=400\" alt=\"\" class=\"wp-image-328\" width=\"279\" height=\"279\" srcset=\"https:\/\/media.lawet.se\/2021\/09\/kombidek.jpg 400w, https:\/\/media.lawet.se\/2021\/09\/kombidek-300x300.jpg 300w, https:\/\/media.lawet.se\/2021\/09\/kombidek-150x150.jpg 150w\" sizes=\"auto, (max-width: 279px) 100vw, 279px\" \/><figcaption>Kombidetektor (R\u00f6k\/V\u00e4rme)<\/figcaption><\/figure>\n<\/div>\n<\/div>\n\n\n\n<div class=\"wp-block-columns are-vertically-aligned-bottom is-layout-flex wp-container-core-columns-is-layout-9d6595d7 wp-block-columns-is-layout-flex\">\n<div class=\"wp-block-column is-vertically-aligned-bottom is-layout-flow wp-block-column-is-layout-flow\">\n<figure class=\"wp-block-image size-large is-resized\"><img loading=\"lazy\" decoding=\"async\" src=\"https:\/\/lawetsecurity.files.wordpress.com\/2021\/09\/rbc-closeups.347.jpg?w=1024\" alt=\"\" class=\"wp-image-330\" width=\"253\" height=\"212\" srcset=\"https:\/\/media.lawet.se\/2021\/09\/rbc-closeups.347.jpg 2388w, https:\/\/media.lawet.se\/2021\/09\/rbc-closeups.347-300x252.jpg 300w, https:\/\/media.lawet.se\/2021\/09\/rbc-closeups.347-1024x860.jpg 1024w, https:\/\/media.lawet.se\/2021\/09\/rbc-closeups.347-768x645.jpg 768w, https:\/\/media.lawet.se\/2021\/09\/rbc-closeups.347-1536x1290.jpg 1536w, https:\/\/media.lawet.se\/2021\/09\/rbc-closeups.347-2048x1720.jpg 2048w, https:\/\/media.lawet.se\/2021\/09\/rbc-closeups.347-1200x1008.jpg 1200w, https:\/\/media.lawet.se\/2021\/09\/rbc-closeups.347-1980x1662.jpg 1980w\" sizes=\"auto, (max-width: 253px) 100vw, 253px\" \/><figcaption>Aspirerande detektering<\/figcaption><\/figure>\n<\/div>\n\n\n\n<div class=\"wp-block-column is-vertically-aligned-bottom is-layout-flow wp-block-column-is-layout-flow\">\n<figure class=\"wp-block-image size-large is-resized\"><img loading=\"lazy\" decoding=\"async\" src=\"https:\/\/lawetsecurity.files.wordpress.com\/2021\/09\/utc-brandlarmsknapp-komplett-dmn700r06.jpeg?w=585\" alt=\"\" class=\"wp-image-331\" width=\"225\" height=\"225\" srcset=\"https:\/\/media.lawet.se\/2021\/09\/utc-brandlarmsknapp-komplett-dmn700r06.jpeg 585w, https:\/\/media.lawet.se\/2021\/09\/utc-brandlarmsknapp-komplett-dmn700r06-300x300.jpeg 300w, https:\/\/media.lawet.se\/2021\/09\/utc-brandlarmsknapp-komplett-dmn700r06-150x150.jpeg 150w\" sizes=\"auto, (max-width: 225px) 100vw, 225px\" \/><figcaption>Brandknapp<\/figcaption><\/figure>\n<\/div>\n\n\n\n<div class=\"wp-block-column is-vertically-aligned-bottom is-layout-flow wp-block-column-is-layout-flow\"><\/div>\n<\/div>\n\n\n\n<h2 class=\"has-secondary-background-color has-background has-large-font-size wp-block-heading\">Uppkoppling till larmcentral<\/h2>\n","protected":false},"excerpt":{"rendered":"<p>Ett v\u00e4lfungerande Brandlarm kan inte bara r\u00e4dda dina lokaler fr\u00e5n f\u00f6r stor skada utan ocks\u00e5 liv. M\u00e5nga lokaler f\u00f6r kommersiellt bruk beh\u00f6ver enligt lag ha ett godk\u00e4nt brandlarm. Brandlarm Ett godk\u00e4nd brandlarmscentral \u00e4r en dedikerad central som enbart sk\u00f6ter branddetektering. Detta anv\u00e4nds ofta i kontor,k\u00f6pcentrum,garage och andra diverse st\u00f6rre lokaler. Utrymningslarm Utrymningslarm \u00e4r ett brandlarm&hellip;&nbsp;<a href=\"https:\/\/lawet.se\/home\/brandlarm\/\" rel=\"bookmark\"><span class=\"screen-reader-text\">Brandlarm<\/span><\/a><\/p>\n","protected":false},"author":2,"featured_media":0,"parent":0,"menu_order":0,"comment_status":"closed","ping_status":"closed","template":"","meta":{"neve_meta_sidebar":"","neve_meta_container":"","neve_meta_enable_content_width":"","neve_meta_content_width":0,"neve_meta_title_alignment":"","neve_meta_author_avatar":"","neve_post_elements_order":"","neve_meta_disable_header":"","neve_meta_disable_footer":"","neve_meta_disable_title":"","footnotes":""},"class_list":["post-165","page","type-page","status-publish","hentry"],"_links":{"self":[{"href":"https:\/\/lawet.se\/home\/wp-json\/wp\/v2\/pages\/165","targetHints":{"allow":["GET"]}}],"collection":[{"href":"https:\/\/lawet.se\/home\/wp-json\/wp\/v2\/pages"}],"about":[{"href":"https:\/\/lawet.se\/home\/wp-json\/wp\/v2\/types\/page"}],"author":[{"embeddable":true,"href":"https:\/\/lawet.se\/home\/wp-json\/wp\/v2\/users\/2"}],"replies":[{"embeddable":true,"href":"https:\/\/lawet.se\/home\/wp-json\/wp\/v2\/comments?post=165"}],"version-history":[{"count":6,"href":"https:\/\/lawet.se\/home\/wp-json\/wp\/v2\/pages\/165\/revisions"}],"predecessor-version":[{"id":437,"href":"https:\/\/lawet.se\/home\/wp-json\/wp\/v2\/pages\/165\/revisions\/437"}],"wp:attachment":[{"href":"https:\/\/lawet.se\/home\/wp-json\/wp\/v2\/media?parent=165"}],"curies":[{"name":"wp","href":"https:\/\/api.w.org\/{rel}","templated":true}]}}